(g) = 65*g**2 - 2. Let u = 62 + -64. Let c be q(u). Suppose 2*i + x - 258 = -4*x, -5*x - c = -2*i. List the prime factors of i.
3, 43
Suppose 0 = -3*i + 2*a - 282, -5*a - 5 = 5*i + 440. Let d = i - -83. Let t = d - -75. List the prime factors of t.
2, 3, 11
Let g = 1627 - 295. Suppose -5*q + 356 = x, -25*x + 29*x = 3*q + g. List the prime factors of x.
2, 3, 7
Let h(p) = p**3 + 14*p**2 + 17*p + 30. Let s be h(-13). Let q = 83 - 20. Let v = s + q. List the prime factors of v.
41
Let x(f) be the first derivative of -f**5/60 - 3*f**4/8 + 11*f**3/3 - 13. Let n(a) be the third derivative of x(a). List the prime factors of n(-11).
13
Let y = 74364 + -34197. What are the prime factors of y?
3, 4463
Let m(a) = -2*a**3 + 9*a**2 - 16*a - 44. Let t be 7/(-3)*(7 - 4) - 0. What are the prime factors of m(t)?
5, 239
Let o(q) = 2*q + 23. Let m = 6 + 1. Let k(y) = -5*y - 46. Let b(w) = m*o(w) + 3*k(w). What are the prime factors of b(12)?
11
Let h(z) = 64*z**2 - 11*z - 5. Let b be h(4). Suppose -4 = -2*n, -o + n = -n - b. What are the prime factors of o?
11, 89
List the prime factors of 3 - 372/120 - (200591/(-10) - 2).
3, 743
Let b be 1/(-3*2/372). Let t(x) = -23*x + 6. Let q be t(-9). Let j = q + b. What are the prime factors of j?
151
Let b(d) = 3*d**2 - 208*d - 5939. What are the prime factors of b(-30)?
3001
Suppose -465360 = -50*i + 20*i - 12*i. What are the prime factors of i?
2, 5, 277
Let i(q) = q**2 - 2*q - 3. Let m be i(4). Let g = 40 + -37. Suppose g*j - 797 = -m*f, 4*f + 6*j = 3*j + 640. What are the prime factors of f?
157
Let q(l) = 3*l**2 + l + 1. Let j be q(-1). Suppose j*u - 7*u = -8. Suppose 0 = 3*k + 5*c - u*c - 315, -3*k + 347 = -5*c. List the prime factors of k.
109
Suppose 2*f - 27873 = -3*t, f - 13944 = -55*t + 51*t. What are the prime factors of f?
2, 3, 43
Let m(z) = 21*z + 17. Let v(k) = 22*k + 18. Let i(c) = 4*m(c) - 3*v(c). Let h be i(-7). What are the prime factors of 1/(13 + -10 + 335/h)?
2, 7
Suppose 5*t = -79*k + 82*k + 144580, -2*t + k = -57832. List the prime factors of t.
2, 7229
Let q(y) = -9806*y - 7453. List the prime factors of q(-4).
31771
Suppose -2*l + 0 - 6 = -4*z, l + z - 12 = 0. Suppose -10*i + l*i + 360 = 0. Suppose 0*r + 3*r - 5*n - 316 = 0, r = -2*n + i. What are the prime factors of r?
2, 7
Suppose 3*n = k - 10, -2*k = 2*n + 4 - 0. Let u(h) = -15*h + 1. Let a(f) = -103*f + 5. Let q(x) = a(x) - 6*u(x). What are the prime factors of q(n)?
2, 19
Let m = 7700 + -1161. List the prime factors of m.
13, 503
Let n(z) = 2*z**2 + 11*z - 21. Let k(i) = -i**3 + 6*i**2 - 3*i - 6. Let g be k(3). What are the prime factors of n(g)?
3, 7, 19
Suppose 37*b + 78*b - 8881392 = -2199892. List the prime factors of b.
2, 5, 7, 83
Let v(r) = 2*r**2 + 243*r + 15348. What are the prime factors of v(0)?
2, 3, 1279
What are the prime factors of 6716 - 141 - (-10)/(-2)?
2, 3, 5, 73
Suppose 14*v + 1620 = 5*v. Let m = 188 + v. What are the prime factors of m?
2
Suppose 2*r - 48 = 14*r. What are the prime factors of 9/r + 2 - 817/(-4)?
2, 3, 17
Let q = -34440 - -66134. List the prime factors of q.
2, 13, 23, 53
Let v = -114 - -200. Suppose 0 = -2*g - 3*h + v, 4*g - 2*h + h = 144. What are the prime factors of g?
37
Let f(k) = k**2 + 8*k - 15. Let r be (-22)/66*27*1. Let n be f(r). Let j = 69 - n. What are the prime factors of j?
3, 5
Let r = 12697 + -5394. List the prime factors of r.
67, 109
Let b = 61 - 259. Let p = 826 + b. What are the prime factors of p?
2, 157
Let a = -24 - -18. Let v(g) = -41*g + 26. Let t be v(2). List the prime factors of 3 + -1 - ((t - a) + -4).
2, 7
Suppose -2*k - c + 5 = 0, -6*k + 5*k = -3*c + 1. Let t be 3/(-1)*(k + -3). Suppose 6*x = -2*a + t*x + 176, 4*a = 3*x + 370. List the prime factors of a.
7, 13
Suppose 10 = -5*t, 424 = 2*d + t + 2*t. Suppose -4*l - 86 = -6*l. Let s = d + l. What are the prime factors of s?
2, 3, 43
Let k = 391 + -273. Suppose m - 3*m + k = 0. Let r = -49 + m. List the prime factors of r.
2, 5
Let y = -123 - -122. What are the prime factors of 1/(2 + 0/y)*1766?
883
Let q = -24351 + 48925. List the prime factors of q.
2, 11, 1117
Suppose -1249*n + 3*u - 36591 = -1251*n, -73119 = -4*n + 3*u. List the prime factors of n.
3, 5, 23, 53
Let h = -545 - -544. What are the prime factors of 14 + -19 + ((-536)/1)/h?
3, 59
Let c = -977 - -39319. What are the prime factors of c?
2, 19, 1009
Let m(p) = -11*p**3 - 4*p**2 - 16*p + 5. Let i be m(-5). Suppose 7*w + i = -w. Let h = -116 - w. What are the prime factors of h?
2, 3
Suppose 3*v - 41 = -4*f + 5*f, 0 = -4*v + 4*f + 68. What are the prime factors of v?
2, 3
Let u(v) = -1212*v + 242. List the prime factors of u(-6).
2, 13, 17
Suppose 25*i + 18*i = 2*i + 259694. What are the prime factors of i?
2, 3167
Let q = 399 + 243. Suppose 87 = 3*m - q. List the prime factors of m.
3
Let r = -2246 - -5987. List the prime factors of r.
3, 29, 43
Let q be ((-54)/24 + (1 - -2))*-68. Let x(a) = 4317*a**2 + 1. Let n be x(1). List the prime factors of n/q*6/(-4).
127
Let u(b) = 76*b**2 - 91*b + 576. List the prime factors of u(7).
3, 11, 37
Let o(z) = z**3 + 13*z**2 - 15*z - 10. Let l be o(-14). Let u be (-19)/(l + (-145)/35). Suppose -5*x + 32 = -u. List the prime factors of x.
3, 11
Suppose -2006 = -23*g - 6468. Let w = g + 414. What are the prime factors of w?
2, 5, 11
Let c be (0 + 1)*-1 + 7 + 0. Suppose 3*x + 3*s + c = 0, 3*x + s + 11 = 5*x. Suppose 51 + 60 = q + 3*b, -3*q = x*b - 303. List the prime factors of q.
2, 3
Let j(y) = -y**3 - 92*y**2 - 140*y - 509. List the prime factors of j(-92).
89, 139
Suppose -2*x = -4*n + 38, 6*n + 3*x = 2*n + 43. Suppose -3*w - n + 70 = 0. Suppose -v + 33 = z - w, -2*z - v + 101 = 0. What are the prime factors of z?
2, 3
Let v = 233 + -230. What are the prime factors of (-2592)/21*-1 - v/7?
3, 41
Suppose 0 = 4*z - 2*p - 24, -2*z = -3*z - 5*p - 16. Suppose -4*s - t = -5*s + 937, -z*t = 5*s - 4721. What are the prime factors of s?
941
Let h(x) = -28*x - 408. Let v be h(-15). Suppose -5*f + f = -5436. Suppose f = v*c - 3*c. List the prime factors of c.
151
Let p be 1 + (-7)/9 + 8420/18. Suppose 0 = x + 161 - p. List the prime factors of x.
307
Let n = -10522 + 19532. List the prime factors of n.
2, 5, 17, 53
Suppose -8 = -5*w + 4*i, -2*i + 6 = 3*w - 4*i. Suppose 5*f - 745 = -4*o, -7*o + 2*o + 605 = w*f. Let v = f - 39. What are the prime factors of v?
2, 53
Let r = -350 - -203. Let p = 204 + r. What are the prime factors of p?
3, 19
What are the prime factors of 34/(-1)*((-54)/90 + 20816/(-40))?
2, 17, 521
Suppose 0 = -5*j - 3*y + 137355, 36*j - 39*j + 82413 = 4*y. What are the prime factors of j?
3, 9157
Suppose -9*j + 42 = -111. Suppose -702 = -x - j*x. Let i = x - -143. List the prime factors of i.
2, 7, 13
Let r be (-4)/(40/(-6)) - (-77)/55. Suppose 0 = -2*j + r*b + 138, -b - 140 - 75 = -3*j. List the prime factors of j.
73
Let d(t) be the second derivative of -3*t**5/20 - 2*t**4/3 - 4*t**2 + 69*t. What are the prime factors of d(-6)?
2, 11
Suppose -5*s = 4*i - 6591, -s + 496 + 839 = 5*i. Let c = -527 + s. What are the prime factors of c?
2, 197
List the prime factors of 4/10 - 3148/(-5).
2, 3, 5, 7
Let i = 4074 - 2838. Suppose 35*r + i = 39*r. Suppose -4*m + 7 = -r. What are the prime factors of m?
79
Let d(o) = -22 + o - 2*o**2 + 30 + 9*o + 7*o**2. Let f = 3 + -9. List the prime factors of d(f).
2
Let l = 77 - 19. Let s(j) = -248*j - 59. Let f be s(-1). Let w = l + f. What are the prime factors of w?
13, 19
Let n(g) = 3*g**2 + 127*g - 62. What are the prime factors of n(89)?
2, 3, 2917
Let a(p) = p**2 - 9*p + 0 - 1 + 5*p - p**3 + 7*p**2. Let w be a(3). What are the prime factors of (-2*1 + w)*(-55)/(-22)?
3, 5
Let y be -36*(5 - (-57)/(-9))/2. Suppose y*p = 7*p + 22236. List the prime factors of p.
2, 3, 109
Let b(g) = 3*g - 46 - 10 + 15 - g**3 + g - 23*g**2. List the prime factors of b(-24).
439
Let c(d) be the second derivative of 7*d**4/6 - 11*d**3/3 + 3*d**2 + 55*d + 1. List the prime factors of c(7).
2, 269
Suppose -2*d - 15 = -125. Suppose -c + 63 = d. Suppose 5*l + 3*z = 620, -4*l - 464 = -c*l + 4*z. What are the prime factors of l?
11
Let j = 48 + -48. Suppose -u + 0*y + 5*y + 613 = j, -u - y = -637. Suppose -5*t - 4*z + 618 = 0, -t + z + u = 4*t. What are the prime factors of t?
2, 3, 7
Let p = 43172 - 23770.